5*k - 8. Suppose -3*v + 2*d + k + 9 = 0, -3*v = 2*d - 31. Suppose 5*m = v + 1. What is the units digit of m?
2
Let f(g) = -g**2 - 18*g - 8. Let u = -20 - -5. What is the units digit of f(u)?
7
Let k(a) = 6*a**2 - a - 1. Let x be (1 - -1)/(2/(-9)). Let s = 11 + x. What is the units digit of k(s)?
1
Let b = -695 - -1342. What is the hundreds digit of b?
6
Let t = 40 - 40. Let i = 8 + -6. Suppose -2*j = i*g - 38, 0 = -g - t*g - 4*j + 22. What is the tens digit of g?
1
Let b be -2*(0 - 2) - (26 + -23). Let r(q) = -62*q**2 + q. Let v(s) = 123*s**2 - 3*s. Let w(c) = -5*r(c) - 2*v(c). What is the units digit of w(b)?
5
Suppose 15*d = 10*d + 360. Let n = -7 + d. What is the tens digit of n?
6
Let z(r) = -r**2 + 3*r - 2. Let f be z(2). Suppose -j = -5*y - 43, j + 5*y - y - 25 = f. What is the units digit of j?
3
Suppose 30*v = 17*v + 793. What is the units digit of v?
1
Suppose -6*m + 15 + 9 = 0. Suppose 224 = 3*p + 4*y, -m*p - 3*y + 78 = -3*p. What is the units digit of p?
2
Suppose 2*m - 5*m - 5*f = -406, 0 = -5*m - 5*f + 660. Let x = 247 - m. What is the units digit of x?
0
Let o = 1598 - 50. What is the thousands digit of o?
1
Let w(t) = -103*t + 45. What is the hundreds digit of w(-3)?
3
Let h(d) = -d**3 + 2. Let k be h(2). Let x be ((-130)/(-15))/((-4)/k). Let l = 40 - x. What is the tens digit of l?
2
What is the units digit of 31/(-93) - (-1 + (-7640)/6)?
4
Let x(h) = h**3 - 3*h**2 + 4*h + 11. Let v be 16/(-48) - 16/(-3). What is the tens digit of x(v)?
8
Suppose -m = 5*m - 180. Let g = m - 24. What is the units digit of g?
6
Let o(q) = -q**3 - 4*q**2 + 5*q + 1. Let t(r) = -2*r + 5. Let b be t(5). Let k be o(b). What is the tens digit of k/(-2) - (-189)/14?
1
Let r(s) = 21*s + 15. Let z be r(-6). Let u be z/15 + (-4)/(-10). What is the units digit of 1660/70 - 2/u?
4
Let q(u) = -u + 43. Let p = 35 - 35. What is the units digit of q(p)?
3
Let l(p) = -3*p**3 - 2*p**2 - 2*p - 2. Let q be (-1)/(2*(-5)/(-30)). What is the units digit of l(q)?
7
Let c(s) = -3*s**3 + 1. Let k be c(-1). Suppose 2*g - 474 = 5*h, 3*g + 304 + 89 = -k*h. What is the units digit of 15/(-4)*h/18?
0
Let t be (30/25)/(2/65). Let i = 234 - t. Suppose g = -4*g + i. What is the units digit of g?
9
Let y(r) = -r + 13. Let i be y(-9). Suppose s = -0*s - g + i, -g = -4*s + 103. Let o = -7 + s. What is the units digit of o?
8
Let y = -384 - -1582. What is the hundreds digit of y/10 - (1/(-5) - 0)?
1
Suppose -4583 = -8*j + 569. What is the units digit of j?
4
Suppose -m + 2 = -0*m. Let w(r) = -r**2 + 5*r - 3. Let g be w(m). Suppose -s = -q - 0*s + 8, 0 = g*q + 3*s - 18. What is the units digit of q?
7
Let v(q) = q**3 + 3*q + 1. What is the units digit of v(6)?
5
Suppose 35 + 17 = -2*r. Let s = r + 30. Suppose -v - 13 = -2*z + 37, -5*z = -s*v - 122. What is the tens digit of z?
2
Suppose -4*p + 2*f + 5652 = 0, 3*p + f + 2*f - 4221 = 0. What is the tens digit of p?
1
Let b(q) = 2*q**3 - q**2 - q - 13. What is the units digit of b(6)?
7
Suppose 2*h - 3*h + 850 = 0. What is the units digit of h?
0
Let k be (-2 + -164)/((-4)/(-16)). Let t = -340 - k. What is the units digit of t?
4
Let v(t) = -t**3 + 9*t**2 + 23*t + 2. Let p be v(11). Suppose -p*x + 0*x + 2197 = 0. What is the hundreds digit of x?
1
Suppose -6*x = -1 - 17. Suppose 3*p + 5*w = 3*w + 15, x*p = -4*w + 21. Suppose p*g - 18 = 210. What is the tens digit of g?
7
Let x(m) be the third derivative of -m**6/120 - m**5/20 + 3*m**4/8 + 4*m**3/3 - 9*m**2. What is the tens digit of x(-6)?
6
Suppose -6*g - 4 = -4. Let q(w) = -w**3 - 5*w**2 - 2*w - 5. Let z be q(-5). Suppose g = 5*x - 2*d - 15, 0 = -z*x - d + 23 - 8. What is the units digit of x?
3
Let x(d) = 15*d**3 + d**2 - 4*d + 3. Let j be x(1). Let p = 14 + -11. Suppose -o + j = -0*o + 5*i, -p*i = -2*o + 17. What is the tens digit of o?
1
Let v(w) = -224*w + 254. What is the hundreds digit of v(-12)?
9
Let z(w) = -14*w + 9. Let n(k) = -7*k + 4. Let b(y) = -13*n(y) + 6*z(y). What is the tens digit of b(6)?
4
Suppose 0 = -2*h + 3*u - 8*u + 26, 0 = 3*h - 3*u + 3. Suppose -306 = -0*y - h*y. What is the hundreds digit of y?
1
Let d be (6/5)/((-2)/((-1740)/(-6))). Let y = d - -479. What is the tens digit of y?
0
Suppose -3*x + 2*h + 1982 = 0, -x - 20*h + 21*h = -662. What is the tens digit of x?
5
Let a(y) = -364*y**3 + 2*y + 2. What is the units digit of a(-1)?
4
Suppose -3*a + 17634 = a - 5*l, 0 = -2*a - l + 8810. What is the tens digit of a?
0
Let n = 143 - 82. Let s = n - -170. What is the hundreds digit of s?
2
Let f = 25 - 12. Let h be f/65 - (-289)/5. Suppose 0*c + 5*t = c - 43, 2*c - 3*t = h. What is the units digit of c?
3
What is the hundreds digit of 1/(-2)*(2 - 1084)?
5
Let f(n) = 7*n**3 - n - 1. Let a be f(-1). Let x(v) = v**2 + 4*v - 6. Let l be x(a). Suppose -l = -m + 9. What is the tens digit of m?
2
Suppose 5*c - 12 = -222. Let i = c + 29. What is the tens digit of (12 + i)*-41*1?
4
Let k(j) = j**2 - 4*j - 8. Let o be k(6). Let v(l) = 6*l - 5. Let i be v(2). Suppose 3*n = -4*w + 13, i = n - 0*n + o*w. What is the units digit of n?
3
Let v be (-7)/(-49) - (-40)/14. Suppose u - 80 + 19 = j, v*u + 3*j = 189. What is the units digit of u?
2
Suppose x + 3*m = 4*x - 12, 5*x - 6 = -2*m. Suppose -x*f + 3*f - 42 = 5*t, -t = -1. Suppose -f = -4*g - 3*d, 0*g + 4*d = -g + 28. What is the units digit of g?
8
Suppose 697 + 3245 = 3*o. What is the thousands digit of o?
1
Let a be -1 + (4 - 3) + 8. Let o = 19 - a. What is the units digit of o?
1
Let y(v) = 1 - 4 - 2 - 2 - 2*v**3 - 7*v - 2*v**2. What is the hundreds digit of y(-4)?
1
Let m(g) = 2*g + 3. Let a be 5/15 + 14/(-6). Let k be m(a). What is the tens digit of 25 + (k - (-2 + 4))?
2
Suppose 0 = -5*i - 2*a + 11, 3*a + 13 = 3*i + a. What is the tens digit of (i - 1 - -38) + -3?
3
Let w(u) = u**2 + u. Suppose -s + 3 = -5*m - 0, 5*m + 4*s - 12 = 0. Let k be w(m). Suppose -a - 5*o + 2 + 0 = k, 0 = -5*o - 15. What is the units digit of a?
7
Suppose -3*q - 5*c = -92, c + 89 = 3*q + 3*c. Suppose q = u - 47. What is the units digit of u?
6
Suppose 0 = -4*x + 4*l - 236, 5*x + 2*l + 2*l = -322. What is the units digit of (-5)/10*x*6/2?
3
Suppose -19 = -t + 4*n, -2*t + n - 6 = 4*n. Let p be 114/21 + 6/(-14). Suppose 0 = -0*q - q - t*m + 29, -4*q - p*m = -95. What is the tens digit of q?
2
Let w be (4/((-8)/(-2)))/(-3)*6. What is the tens digit of 122 - (5 - 8) - (w - 1)?
2
Suppose 20 - 40 = -5*m. Suppose p - 15 = -2*v, p - m*p + 2*v = -5. What is the units digit of p?
5
Suppose 22*p + 28*p = 190400. What is the hundreds digit of p?
8
Let h = -18 + 21. Suppose h*k = -60 + 198. What is the units digit of k?
6
Let j(a) = a**3 + 2*a**2 - 4. Let q be j(0). What is the units digit of 6/((-340)/88 - q)?
4
Suppose -5231 - 2209 = -10*u. What is the units digit of u?
4
Let n(g) = -4*g + 8. Let r be n(5). Let a be 1130*r*3/15. What is the tens digit of (-2)/7 - a/84?
3
What is the hundreds digit of ((-81)/(-2))/(29/348)?
4
Suppose 5*f = 5*d + 4*f + 110, -3*d - 64 = -f. Let s = 80 + d. Suppose -5*l + 18 = -s. What is the tens digit of l?
1
Let h be (-4)/(-14) + -44*(-15)/140. Suppose 2*p - h*r - 242 = 0, 2*p + 2*p = 3*r + 484. What is the hundreds digit of p?
1
Suppose 2*w - 8 = q, 16 = 6*q - 2*q + 4*w. Suppose 5*p - 620 = -5*a, q = -p + a + 57 + 57. What is the units digit of p?
9
Let k(t) = -t**3 + 9*t**2 - 8*t + 5. Let q be k(8). Suppose 0*w + q*w - 315 = 0. What is the units digit of w?
3
Let n = 8 - 6. Suppose 2*f = 5*f + 5*v - 213, 0 = -n*f - 2*v + 146. Suppose 150 = 4*h + 5*r, -3*h + h = 2*r - f. What is the units digit of h?
0
Suppose 4*n = -4*x - 30 - 54, 0 = -x - 3*n - 11. Let i = 29 + x. What is the units digit of i?
3
Let f(v) be the first derivative of v**4/4 - 10*v**3/3 + 2*v + 4. Let c be f(10). Suppose -m + 3 = -c. What is the units digit of m?
5
Suppose 0 = -7*f - 20 + 6. What is the tens digit of -108*1/f*2?
0
What is the units digit of -134*((-18)/(-30) + (-42)/20)?
1
Suppose -3*m + m - 4*v = -8, 2*v = -2. Let y(c) = -m*c - 14*c - 31*c. What is the tens digit of y(-1)?
5
Let w(t) = 548*t**2 - 3. What is the tens digit of w(-1)?
4
Let k = 7 + 3. Let r be 1542/k + (-3)/15. Suppose 59 = 3*z - r. What is the tens digit of z?
7
Suppose -5*k - 23 - 7 = 0. What is the tens digit of ((-14)/(-5))/(k/(-105))?
4
Let f = -2015 - -3722. What is